{"id":189,"date":"2018-03-29T16:40:24","date_gmt":"2018-03-29T14:40:24","guid":{"rendered":"http:\/\/immoschon-realtors.be\/?page_id=189"},"modified":"2018-03-29T16:40:24","modified_gmt":"2018-03-29T14:40:24","slug":"a-louer-2","status":"publish","type":"page","link":"https:\/\/immoschon-realtors.be\/?page_id=189","title":{"rendered":"A Louer"},"content":{"rendered":"<div class=\"wpsight-listings-sc\">\n<section>\n\t\n\t<p>D\u00e9sol\u00e9 mais aucune annonce ne correspond avec vos crit\u00e8res de recherches.<\/p>\n\t\n<\/section><\/div>\n","protected":false},"excerpt":{"rendered":"","protected":false},"author":1,"featured_media":0,"parent":0,"menu_order":0,"comment_status":"closed","ping_status":"closed","template":"","meta":{"footnotes":""},"class_list":["post-189","page","type-page","status-publish","hentry","no-post-thumbnail"],"_links":{"self":[{"href":"https:\/\/immoschon-realtors.be\/index.php?rest_route=\/wp\/v2\/pages\/189","targetHints":{"allow":["GET"]}}],"collection":[{"href":"https:\/\/immoschon-realtors.be\/index.php?rest_route=\/wp\/v2\/pages"}],"about":[{"href":"https:\/\/immoschon-realtors.be\/index.php?rest_route=\/wp\/v2\/types\/page"}],"author":[{"embeddable":true,"href":"https:\/\/immoschon-realtors.be\/index.php?rest_route=\/wp\/v2\/users\/1"}],"replies":[{"embeddable":true,"href":"https:\/\/immoschon-realtors.be\/index.php?rest_route=%2Fwp%2Fv2%2Fcomments&post=189"}],"version-history":[{"count":1,"href":"https:\/\/immoschon-realtors.be\/index.php?rest_route=\/wp\/v2\/pages\/189\/revisions"}],"predecessor-version":[{"id":190,"href":"https:\/\/immoschon-realtors.be\/index.php?rest_route=\/wp\/v2\/pages\/189\/revisions\/190"}],"wp:attachment":[{"href":"https:\/\/immoschon-realtors.be\/index.php?rest_route=%2Fwp%2Fv2%2Fmedia&parent=189"}],"curies":[{"name":"wp","href":"https:\/\/api.w.org\/{rel}","templated":true}]}}